en 453 is divided by s.
68
Let l = 3234 + -2997. Calculate the remainder when l is divided by 3.
0
Suppose -21 = -6*a + 3*a. Let b = -25 + 30. Suppose 2*u - 4*i + 0*i - 40 = 0, -b*i = -4*u + 89. What is the remainder when u is divided by a?
5
Let x(d) = 61*d - 223. Let s be (-1)/((-1)/140) + -4. Suppose -167 = -5*y + 2*q + 188, 2*y = 2*q + s. What is the remainder when y is divided by x(4)?
10
Suppose -3*i = -3, 3*t - 3*i = 6*t - 24. Let g(n) = n**3 - 7*n**2 + 3*n + 13. Let c = -140 - -274. Calculate the remainder when c is divided by g(t).
32
Let v be -6*(38 - (1 - 1))/4. Let r = v - -104. What is the remainder when 91 is divided by r?
44
Suppose -2*h + 202 = 2*k, 0*k = -2*k - 3*h + 200. Suppose -3*q + k = 2*z, -2*z + 2*q = 3*q - 109. Calculate the remainder when z is divided by 31.
25
Let m = 50 + -47. Suppose m*s + 3*u - u = 36, 0 = 2*u. Calculate the remainder when 11924/176 - 1/(-4) is divided by s.
8
Suppose 33 - 455 = -2*p. Let v = -3948 - -3987. What is the remainder when p is divided by v?
16
Let m be (-3)/12*-8 + 13. Suppose 17*l - 46 = m*l. Calculate the remainder when 75 is divided by l.
6
Suppose 103*m - 13534 = 33*m - 132*m. What is the remainder when 3012 is divided by m?
64
Suppose 23*h + 26855 = 43*h - 38685. What is the remainder when h is divided by 121?
10
Let u(h) = -4*h**2 - 4*h + 3. Let k be u(2). Let g be 121/5 + 1*3/(-15). Let v = g + k. Calculate the remainder when 13 is divided by v.
1
Let r(w) = 0 + 25 - 8*w + 2 + 6*w. Calculate the remainder when 3/9 + (-218)/(-3) is divided by r(4).
16
Let i(t) = -126*t + 119. Let d be i(9). Let h = -1005 - d. What is the remainder when 36 is divided by h?
6
Let w = 1185 + -1060. Calculate the remainder when w is divided by 8.
5
Let c(o) be the first derivative of o**4/4 + 23*o**3/3 - 11*o**2 + 55*o + 41. Calculate the remainder when 0/2 - 100/(-4) is divided by c(-24).
4
Let v = -1014 + 1017. Suppose 34 = g + 5*b + 40, -v*g + 67 = -2*b. What is the remainder when 25 is divided by g?
6
Suppose -61*a - 164 = -218 - 739. What is the remainder when 6692 is divided by a?
10
Let b(q) = q + 134. Calculate the remainder when 788 is divided by b(-2).
128
Suppose s + 4 = 2*s. Suppose 2*h - 4*z = -0*z, -s = -z. Suppose 12*u - h*u = 100. What is the remainder when 122 is divided by u?
22
Let v = -95 - -209. Suppose -5*g - 2*x + 90 = -v, 0 = g - x - 45. What is the remainder when 894/(-9)*(g/(-4))/7 is divided by 30?
29
Suppose 4*r = 9*r - 405. Let c be (10/6 + -2)/((-9)/r). Suppose 4*q = 4*j - 8, 5*j = q - c*q + 31. What is the remainder when 12 is divided by j?
2
Let l = -11653 - -11726. What is the remainder when 117 is divided by l?
44
Let a = 44 - 18. Let m = -80 + 264. Let t = m + -178. What is the remainder when a is divided by t?
2
Let u = -4904 - -6414. What is the remainder when u is divided by 89?
86
Let j(l) = -l**2 + 16 + 15*l - 2*l**2 - 8 + l**2. Let v be j(8). Suppose v = -0*n + n - 109. Calculate the remainder when n is divided by 37.
35
Suppose -4*y + y = -12. Let u be -3 - y/(-2) - -1. Suppose 5*q + 2*r - 9 = 0, -2*r - 15 = -3*q - u*r. Calculate the remainder when 8 is divided by q.
2
Let c = 913 + -823. What is the remainder when c is divided by 22?
2
Suppose 37*w - 21664 = 94220. What is the remainder when w is divided by 149?
3
Let b(h) = -2*h**3 + 20*h**2 - 3*h - 24. What is the remainder when b(8) is divided by 55?
43
Suppose 0 = -l - 2*l + 1779. Suppose 20833 = 46*f + l. What is the remainder when f is divided by 49?
48
Suppose -y = -l - 186, y = -3*l - 22 + 220. Suppose -1122*o + 1126*o = -2*p + 242, -p + 55 = o. What is the remainder when y is divided by o?
57
Suppose 4*f - 120 = f. Suppose -4*g = m - f, -4*g + 5*m + 53 = -g. What is the remainder when 1*((-11876)/(-92) + 1845/207 + -9) is divided by g?
8
Suppose y + 945 = 2*c, -11*y = -c - 13*y + 470. What is the remainder when c is divided by 246?
226
What is the remainder when (23808/(-160))/((-4)/10) is divided by 96?
84
Let y(a) = a**3 - 32*a**2 + 60*a + 20. Calculate the remainder when 3686 is divided by y(31).
10
Let b = -111 + 132. Let w(u) = -u - 11. Let i be w(-11). Let v(a) = a + 81. Calculate the remainder when v(i) is divided by b.
18
Let y(a) = -a**3 + 24*a**2 - 31*a + 18. Let k(p) = -p**3 + 24*p**2 - 30*p + 20. Let l(x) = -6*k(x) + 5*y(x). Calculate the remainder when l(23) is divided by 2.
0
Let d be 11*3*(-1)/3. Let q = d - -13. Let v = 1143 + -1138. Calculate the remainder when v is divided by q.
1
Let c = -48 + 71. Let l = -4 - 63. Let u = 132 + l. Calculate the remainder when u is divided by c.
19
Let p = 2392 - 813. What is the remainder when p is divided by 53?
42
Let v = 79 - 48. Suppose 211 = -4*w - 53. Let z = 183 + w. What is the remainder when z is divided by v?
24
Let t(i) = 4 + i**2 + 3 + 2. Let z(y) = 4*y**2 + 7*y. Calculate the remainder when z(-5) is divided by t(5).
31
Suppose -1 + 7 = -2*s, 5*s - 21 = -2*g. Suppose 0 = -20*b + g*b + 22. Let z = 66 - 17. Calculate the remainder when z is divided by b.
5
Let o(q) = q**3 - 22*q**2 + 41*q - 18. What is the remainder when o(21) is divided by 4?
2
Let w(m) = 13*m - 1. Suppose 3*r + 80 = -r. What is the remainder when (84 - r/(-4)) + -5 is divided by w(3)?
36
Suppose -5*g = -10, 106*u + g - 1203 = 105*u. Calculate the remainder when u is divided by 152.
137
Suppose 5 = 4*k + 1, -2*k + 62 = 2*t. Suppose -t = 4*j + 6. Let m(s) = s**2 + 7*s - 7. What is the remainder when m(j) is divided by 4?
3
Suppose -11 = -3*n + 2*c - 4*c, n - 5 = -2*c. Calculate the remainder when 54 is divided by n.
0
Let y(g) = 144 - 4*g + 10*g + 17*g - 155. Calculate the remainder when y(3) is divided by 20.
18
Suppose 485 + 433 = 38*n - 5694. Calculate the remainder when n is divided by 82.
10
Let p be -106*(-5)/30*-6. Let h = p - -128. What is the remainder when 42 is divided by h?
20
Let r = 5422 - 5181. What is the remainder when 3852 is divided by r?
237
Suppose -2*g - 5*c + 1879 = 1690, 0 = -2*g - 3*c + 183. What is the remainder when 405 is divided by g?
57
Let g = 45 + -42. Suppose 5*i = -y + 12, -6 = 4*i - g*i - 4*y. What is the remainder when 10/(-15)*(-69)/i is divided by 12?
11
Let q = 198 + -563. Let b = q - -374. Calculate the remainder when 151 is divided by b.
7
Let j(g) = -g**3 - 12*g**2 - 6*g - 51. Let n be ((-64)/(-24))/(2/(-9)). Calculate the remainder when 99 is divided by j(n).
15
Suppose 0 = 2*b - q - 1896, -4*b - 6*q + 4*q + 3816 = 0. What is the remainder when b is divided by 60?
51
Suppose 2264 - 7186 = -465*f + 2518. Let k(q) = 5*q**2 + 5*q + 7. Calculate the remainder when k(5) is divided by f.
13
Let z be (4 + (-155)/20)*16/(-10). Calculate the remainder when ((-12)/(-1) + z)*(-1 + 6) is divided by 24.
18
Let r(n) = 7*n**3 + n**2 - 3*n + 2. Let d be r(1). Suppose -2*t - 108 = -4*m, -2*m = -d*m - 4*t + 135. What is the remainder when 128 is divided by m?
20
Let j = 21198 - 6901. Calculate the remainder when j is divided by 55.
52
Let g = -37 - -345. Suppose -10*d - 4*d = -g. Calculate the remainder when d is divided by 13.
9
Let i(l) = l**2 + 5*l + 15. Let f = 37 + -89. Let d = -58 - f. What is the remainder when i(d) is divided by 12?
9
Suppose 4699 = 3033*j - 2996*j. What is the remainder when 441 is divided by j?
60
Let l = -8984 + 17616. What is the remainder when l is divided by 157?
154
Suppose n + 4 = 0, -5*h - 177*n + 179*n + 68 = 0. Calculate the remainder when ((-8)/3)/(2/(-51)) is divided by h/(-28) + 2020/140.
12
Let o = -12580 - -12601. Calculate the remainder when 5664 is divided by o.
15
Suppose 0 = 3*i - 2*u + 10 - 4, -2*i - 5*u = -15. Let l = 40 + i. Suppose 7*r + l = 8*r. Calculate the remainder when r is divided by 15.
10
Suppose 38*c - 76*c + 2166 = 0. What is the remainder when 100 is divided by c?
43
Suppose i - 3*y = 83, 0*y + y + 681 = 7*i. Calculate the remainder when 221 is divided by i.
25
Let b be (-2)/(2/2)*-1. Suppose -4*g = 5*x - 0*g + 1096, -x = b*g + 224. What is the remainder when 4 + -6 - x/3 is divided by 37?
33
Suppose -339 = 4*z - 71. Let m = z + 102. Calculate the remainder when 43 is divided by m.
8
Let q be -2*(-2)/(-4)*-4. Suppose c + q = -5*a - 8, 4*c + 2*a - 42 = 0. What is the remainder when -4*43/129*171/6*-2 is divided by c?
11
Suppose 2*r + 4 - 8 = 0. Suppose -3*k = r*l - 12, -7 = -5*k + 3